{"id":80,"date":"2025-08-24T18:06:51","date_gmt":"2025-08-24T18:06:51","guid":{"rendered":"https:\/\/entorcha.org\/entorcha\/?page_id=80"},"modified":"2025-10-11T16:00:14","modified_gmt":"2025-10-11T20:00:14","slug":"las-ideas-que-nos-guian","status":"publish","type":"page","link":"https:\/\/entorcha.org\/entorcha\/index.php\/las-ideas-que-nos-guian\/","title":{"rendered":"Las ideas que nos gu\u00edan"},"content":{"rendered":"\n<div class=\"wp-block-columns is-layout-flex wp-container-core-columns-is-layout-9d6595d7 wp-block-columns-is-layout-flex\">\n<div class=\"wp-block-column is-layout-flow wp-block-column-is-layout-flow\">\n<h2 class=\"wp-block-heading has-large-font-size\"><strong>Investigaci\u00f3n basada en la pr\u00e1ctica<\/strong><\/h2>\n\n\n\n<p>ENTORCHA utiliza un enfoque de investigaci\u00f3n basada en la pr\u00e1ctica, en donde la creaci\u00f3n misma es el centro del proceso y tambi\u00e9n del resultado de la investigaci\u00f3n.<\/p>\n\n\n\n<p>Este tipo de indagaci\u00f3n es com\u00fan en disciplinas creativas como el arte, el dise\u00f1o y la m\u00fasica, donde el acto de crear no es s\u00f3lo expresi\u00f3n, sino una forma de generar conocimiento y nuevas formas de ver el mundo. En este modelo, la obra\u2014sea una pieza art\u00edstica, un dise\u00f1o o una acci\u00f3n perform\u00e1tica\u2014es el resultado principal de la investigaci\u00f3n. A eso se le puede sumar una reflexi\u00f3n o an\u00e1lisis te\u00f3rico que pone esa pr\u00e1ctica en di\u00e1logo con discusiones m\u00e1s amplias.<\/p>\n\n\n\n<figure class=\"wp-block-image size-large\"><img loading=\"lazy\" decoding=\"async\" width=\"1024\" height=\"683\" src=\"https:\/\/entorcha.org\/entorcha\/wp-content\/uploads\/2025\/08\/IMG-20221101-WA0004-1024x683.jpg\" alt=\"O'Nei;ll presentando en conferenrencia SURFACE\" class=\"wp-image-121\" srcset=\"https:\/\/entorcha.org\/entorcha\/wp-content\/uploads\/2025\/08\/IMG-20221101-WA0004-1024x683.jpg 1024w, https:\/\/entorcha.org\/entorcha\/wp-content\/uploads\/2025\/08\/IMG-20221101-WA0004-300x200.jpg 300w, https:\/\/entorcha.org\/entorcha\/wp-content\/uploads\/2025\/08\/IMG-20221101-WA0004-768x512.jpg 768w, https:\/\/entorcha.org\/entorcha\/wp-content\/uploads\/2025\/08\/IMG-20221101-WA0004-1536x1024.jpg 1536w, https:\/\/entorcha.org\/entorcha\/wp-content\/uploads\/2025\/08\/IMG-20221101-WA0004-205x137.jpg 205w, https:\/\/entorcha.org\/entorcha\/wp-content\/uploads\/2025\/08\/IMG-20221101-WA0004-480x320.jpg 480w, https:\/\/entorcha.org\/entorcha\/wp-content\/uploads\/2025\/08\/IMG-20221101-WA0004-1200x800.jpg 1200w, https:\/\/entorcha.org\/entorcha\/wp-content\/uploads\/2025\/08\/IMG-20221101-WA0004.jpg 1600w\" sizes=\"auto, (max-width: 1024px) 100vw, 1024px\" \/><figcaption class=\"wp-element-caption\">Mari Mater O&#8217;Neill presentando ENTORCHA en <em>SURFACE<\/em> de AIGA, Seattle, Washington.<\/figcaption><\/figure>\n<\/div>\n<\/div>\n\n\n\n<div class=\"wp-block-columns alignfull has-secondary-background-color has-background is-layout-flex wp-container-core-columns-is-layout-9d6595d7 wp-block-columns-is-layout-flex\">\n<div class=\"wp-block-column is-vertically-aligned-top is-layout-flow wp-block-column-is-layout-flow\">\n<h2 class=\"wp-block-heading alignfull has-large-font-size\"><strong>Archivo comunitario como estrategia cultural<\/strong><\/h2>\n\n\n\n<p>La metodolog\u00eda de archivo comunitario fue escogida para preservar un patrimonio documental nacional m\u00e1s inclusivo y diverso, a trav\u00e9s de un proceso de cocreaci\u00f3n. Este enfoque aporta activamente a las pol\u00edticas de la memoria, ayudando a definir, afirmar o reimaginar identidades colectivas. Tambi\u00e9n fomenta la participaci\u00f3n social y comunitaria, permitiendo que quienes participan adquieran nuevos conocimientos, destrezas y capacidades.<\/p>\n\n\n\n<p>En ENTORCHA, esta metodolog\u00eda es una forma de cuestionar c\u00f3mo se ha contado la historia del dise\u00f1o\u2014retando el rol tradicional de profesionales de historia y dise\u00f1o\u2014sobre todo al incluir la categor\u00eda de \u201cpracticantes de dise\u00f1o no formales\u201d, personas que sin haber pasado por una formaci\u00f3n acad\u00e9mica en dise\u00f1o, han creado, transformado y aportado desde su hacer.<\/p>\n\n\n\n<p>Estos archivos comunitarios se entienden como parte de un&nbsp;pluriverso en acci\u00f3n&nbsp;(Escobar, 2018): espacios seguros para narrativas que van a contracorriente. Al centrar las voces y trayectorias de personas de comunidades hist\u00f3ricamente marginalizadas\u2014como mujeres, personas LGBTQIA+ y practicantes de dise\u00f1o de la comunidad afro-puertorrique\u00f1a\u2014el proyecto combate la invisibilidad y la injusticia. Esto es especialmente urgente en el caso de Puerto Rico, cuya condici\u00f3n colonial ha moldeado su legado hist\u00f3rico. Por eso ENTORCHA tambi\u00e9n es un proyecto pol\u00edtico: se pregunta c\u00f3mo se construye la historia del dise\u00f1o y qui\u00e9n tiene el poder de contarla.<\/p>\n\n\n\n<p>Siguiendo metodolog\u00edas que promueven otras formas de investigar (Tuhiwai Smith, 2021), el proyecto toma en cuenta los aspectos \u00e9ticos del proceso, procurando que sus m\u00e9todos fomenten la inclusi\u00f3n, la equidad y la justicia social.<\/p>\n<\/div>\n<\/div>\n\n\n\n<div class=\"wp-block-columns is-layout-flex wp-container-core-columns-is-layout-9d6595d7 wp-block-columns-is-layout-flex\">\n<div class=\"wp-block-column is-layout-flow wp-block-column-is-layout-flow\">\n<h2 class=\"wp-block-heading has-large-font-size\"><strong>Dise\u00f1o como pr\u00e1ctica situada y pol\u00edtica<\/strong><\/h2>\n\n\n\n<p>El dise\u00f1o participativo, tambi\u00e9n conocido como codise\u00f1o, implica colaboraci\u00f3n entre practicantes de dise\u00f1o y personas que ser\u00e1n impactadas a lo largo del proceso de dise\u00f1o (O\u2019Neill y Rivera Crespo, 2018). Para ENTORCHA, se adopt\u00f3 la metodolog\u00eda&nbsp;\u201cLos seis modos de participaci\u00f3n\u201d&nbsp;(O\u2019Neill y Rivera Crespo, 2018), por su pertinencia con las pr\u00e1cticas de dise\u00f1o en Puerto Rico.<\/p>\n\n\n\n<p>Actualmente, ENTORCHA se encuentra en el&nbsp;Nivel 3: \u201cProponer alternativas, ser consultado\u201d, donde las personas que participan no solo aportan ideas, sino que sus voces son importantes e influyen en la toma de decisiones.<\/p>\n<\/div>\n\n\n\n<div class=\"wp-block-column is-layout-flow wp-block-column-is-layout-flow\">\n<h2 class=\"wp-block-heading has-large-font-size\"><strong>Enfoque de investigaci\u00f3n: el dise\u00f1o como pr\u00e1ctica cultural<\/strong><\/h2>\n\n\n\n<p>Esta investigaci\u00f3n parte de una mirada al dise\u00f1o que va m\u00e1s all\u00e1 de crear productos o servicios. El dise\u00f1o no es una actividad neutral ni aislada: est\u00e1 atravesado por discursos culturales, sociales y pol\u00edticos. Al igual que otras formas de cultura material, el dise\u00f1o aporta a la identidad nacional y a la construcci\u00f3n simb\u00f3lica de la vida cotidiana, proyectando relaciones sociales (Ledesma, 2005: 33).El dise\u00f1o responde a m\u00faltiples problemas y se convierte en objeto de distintos discursos: pol\u00edticos, de g\u00e9nero, raciales y de clase, entre otros. Algunas de las preguntas que gu\u00edan esta investigaci\u00f3n son:<br>\u2014\u00bb \u00bfQu\u00e9 productos, servicios, objetos, oficios o expresiones deben ser parte de la historia del dise\u00f1o?<br>\u2014 \u00bfQui\u00e9nes los crearon o gestionaron?<br>\u2014 \u00bfQu\u00e9 contextos, influencias, condiciones o intenciones marcaron su desarrollo?<br>\u2014 \u00bfQu\u00e9 problemas buscaban atender y c\u00f3mo se expresaron a trav\u00e9s del dise\u00f1o?\u00bb (Rodr\u00edguez L\u00f3pez y Col\u00f3n Rodr\u00edguez, 2022).<br>\u2014 \u00bfHay forma de hacer en el dise\u00f1o puertorrique\u00f1o que coincidan? <br>\u2014 \u00bfCu\u00e1l ha sido el rol del dise\u00f1o en los cambios del pa\u00eds? <br> \u2014 \u00bfQui\u00e9nes han sido los actores detr\u00e1s de las fuerzas de cambio?<\/p>\n\n\n\n<p><strong>\u00a0<\/strong><\/p>\n\n\n\n<p><\/p>\n<\/div>\n<\/div>\n\n\n\n<figure class=\"wp-block-image size-large\"><img loading=\"lazy\" decoding=\"async\" width=\"1024\" height=\"482\" src=\"https:\/\/entorcha.org\/entorcha\/wp-content\/uploads\/2025\/08\/taller_02-1024x482.png\" alt=\"\" class=\"wp-image-115\" srcset=\"https:\/\/entorcha.org\/entorcha\/wp-content\/uploads\/2025\/08\/taller_02-1024x482.png 1024w, https:\/\/entorcha.org\/entorcha\/wp-content\/uploads\/2025\/08\/taller_02-300x141.png 300w, https:\/\/entorcha.org\/entorcha\/wp-content\/uploads\/2025\/08\/taller_02-768x361.png 768w, https:\/\/entorcha.org\/entorcha\/wp-content\/uploads\/2025\/08\/taller_02-1536x723.png 1536w, https:\/\/entorcha.org\/entorcha\/wp-content\/uploads\/2025\/08\/taller_02-205x96.png 205w, https:\/\/entorcha.org\/entorcha\/wp-content\/uploads\/2025\/08\/taller_02-480x226.png 480w, https:\/\/entorcha.org\/entorcha\/wp-content\/uploads\/2025\/08\/taller_02-1200x565.png 1200w, https:\/\/entorcha.org\/entorcha\/wp-content\/uploads\/2025\/08\/taller_02.png 1851w\" sizes=\"auto, (max-width: 1024px) 100vw, 1024px\" \/><figcaption class=\"wp-element-caption\">Pantallazo del primer evento en l\u00ednea de ENTORCHA.<\/figcaption><\/figure>\n\n\n\n<p><\/p>\n","protected":false},"excerpt":{"rendered":"<p>Investigaci\u00f3n basada en la pr\u00e1ctica ENTORCHA utiliza un enfoque de investigaci\u00f3n basada en la pr\u00e1ctica, en donde la creaci\u00f3n misma es el centro del proceso y tambi\u00e9n del resultado de la investigaci\u00f3n. Este tipo de indagaci\u00f3n es com\u00fan en disciplinas creativas como el arte, el dise\u00f1o y la m\u00fasica, donde el acto de crear no [&hellip;]<\/p>\n","protected":false},"author":1,"featured_media":0,"parent":0,"menu_order":0,"comment_status":"closed","ping_status":"closed","template":"","meta":{"footnotes":""},"class_list":["post-80","page","type-page","status-publish","hentry"],"_links":{"self":[{"href":"https:\/\/entorcha.org\/entorcha\/index.php\/wp-json\/wp\/v2\/pages\/80","targetHints":{"allow":["GET"]}}],"collection":[{"href":"https:\/\/entorcha.org\/entorcha\/index.php\/wp-json\/wp\/v2\/pages"}],"about":[{"href":"https:\/\/entorcha.org\/entorcha\/index.php\/wp-json\/wp\/v2\/types\/page"}],"author":[{"embeddable":true,"href":"https:\/\/entorcha.org\/entorcha\/index.php\/wp-json\/wp\/v2\/users\/1"}],"replies":[{"embeddable":true,"href":"https:\/\/entorcha.org\/entorcha\/index.php\/wp-json\/wp\/v2\/comments?post=80"}],"version-history":[{"count":10,"href":"https:\/\/entorcha.org\/entorcha\/index.php\/wp-json\/wp\/v2\/pages\/80\/revisions"}],"predecessor-version":[{"id":1189,"href":"https:\/\/entorcha.org\/entorcha\/index.php\/wp-json\/wp\/v2\/pages\/80\/revisions\/1189"}],"wp:attachment":[{"href":"https:\/\/entorcha.org\/entorcha\/index.php\/wp-json\/wp\/v2\/media?parent=80"}],"curies":[{"name":"wp","href":"https:\/\/api.w.org\/{rel}","templated":true}]}}

Las ideas que nos guían

<div class="wp-block-columns is-layout-flex wp-container-core-columns-is-layout-9d6595d7 wp-block-columns-is-layout-flex">
<div class="wp-block-column is-layout-flow wp-block-column-is-layout-flow">
<h2 class="wp-block-heading has-large-font-size"><strong>Investigación basada en la práctica</strong></h2>



<p>ENTORCHA utiliza un enfoque de investigación basada en la práctica, en donde la creación misma es el centro del proceso y también del resultado de la investigación.</p>



<p>Este tipo de indagación es común en disciplinas creativas como el arte, el diseño y la música, donde el acto de crear no es sólo expresión, sino una forma de generar conocimiento y nuevas formas de ver el mundo. En este modelo, la obra—sea una pieza artística, un diseño o una acción performática—es el resultado principal de la investigación. A eso se le puede sumar una reflexión o análisis teórico que pone esa práctica en diálogo con discusiones más amplias.</p>



<figure class="wp-block-image size-large"><img loading="lazy" decoding="async" width="1024" height="683" src="https://entorcha.org/entorcha/wp-content/uploads/2025/08/IMG-20221101-WA0004-1024x683.jpg" alt="O'Nei;ll presentando en conferenrencia SURFACE" class="wp-image-121" srcset="https://entorcha.org/entorcha/wp-content/uploads/2025/08/IMG-20221101-WA0004-1024x683.jpg 1024w, https://entorcha.org/entorcha/wp-content/uploads/2025/08/IMG-20221101-WA0004-300x200.jpg 300w, https://entorcha.org/entorcha/wp-content/uploads/2025/08/IMG-20221101-WA0004-768x512.jpg 768w, https://entorcha.org/entorcha/wp-content/uploads/2025/08/IMG-20221101-WA0004-1536x1024.jpg 1536w, https://entorcha.org/entorcha/wp-content/uploads/2025/08/IMG-20221101-WA0004-205x137.jpg 205w, https://entorcha.org/entorcha/wp-content/uploads/2025/08/IMG-20221101-WA0004-480x320.jpg 480w, https://entorcha.org/entorcha/wp-content/uploads/2025/08/IMG-20221101-WA0004-1200x800.jpg 1200w, https://entorcha.org/entorcha/wp-content/uploads/2025/08/IMG-20221101-WA0004.jpg 1600w" sizes="auto, (max-width: 1024px) 100vw, 1024px" /><figcaption class="wp-element-caption">Mari Mater O&#8217;Neill presentando ENTORCHA en <em>SURFACE</em> de AIGA, Seattle, Washington.</figcaption></figure>
</div>
</div>



<div class="wp-block-columns alignfull has-secondary-background-color has-background is-layout-flex wp-container-core-columns-is-layout-9d6595d7 wp-block-columns-is-layout-flex">
<div class="wp-block-column is-vertically-aligned-top is-layout-flow wp-block-column-is-layout-flow">
<h2 class="wp-block-heading alignfull has-large-font-size"><strong>Archivo comunitario como estrategia cultural</strong></h2>



<p>La metodología de archivo comunitario fue escogida para preservar un patrimonio documental nacional más inclusivo y diverso, a través de un proceso de cocreación. Este enfoque aporta activamente a las políticas de la memoria, ayudando a definir, afirmar o reimaginar identidades colectivas. También fomenta la participación social y comunitaria, permitiendo que quienes participan adquieran nuevos conocimientos, destrezas y capacidades.</p>



<p>En ENTORCHA, esta metodología es una forma de cuestionar cómo se ha contado la historia del diseño—retando el rol tradicional de profesionales de historia y diseño—sobre todo al incluir la categoría de “practicantes de diseño no formales”, personas que sin haber pasado por una formación académica en diseño, han creado, transformado y aportado desde su hacer.</p>



<p>Estos archivos comunitarios se entienden como parte de un&nbsp;pluriverso en acción&nbsp;(Escobar, 2018): espacios seguros para narrativas que van a contracorriente. Al centrar las voces y trayectorias de personas de comunidades históricamente marginalizadas—como mujeres, personas LGBTQIA+ y practicantes de diseño de la comunidad afro-puertorriqueña—el proyecto combate la invisibilidad y la injusticia. Esto es especialmente urgente en el caso de Puerto Rico, cuya condición colonial ha moldeado su legado histórico. Por eso ENTORCHA también es un proyecto político: se pregunta cómo se construye la historia del diseño y quién tiene el poder de contarla.</p>



<p>Siguiendo metodologías que promueven otras formas de investigar (Tuhiwai Smith, 2021), el proyecto toma en cuenta los aspectos éticos del proceso, procurando que sus métodos fomenten la inclusión, la equidad y la justicia social.</p>
</div>
</div>



<div class="wp-block-columns is-layout-flex wp-container-core-columns-is-layout-9d6595d7 wp-block-columns-is-layout-flex">
<div class="wp-block-column is-layout-flow wp-block-column-is-layout-flow">
<h2 class="wp-block-heading has-large-font-size"><strong>Diseño como práctica situada y política</strong></h2>



<p>El diseño participativo, también conocido como codiseño, implica colaboración entre practicantes de diseño y personas que serán impactadas a lo largo del proceso de diseño (O’Neill y Rivera Crespo, 2018). Para ENTORCHA, se adoptó la metodología&nbsp;“Los seis modos de participación”&nbsp;(O’Neill y Rivera Crespo, 2018), por su pertinencia con las prácticas de diseño en Puerto Rico.</p>



<p>Actualmente, ENTORCHA se encuentra en el&nbsp;Nivel 3: “Proponer alternativas, ser consultado”, donde las personas que participan no solo aportan ideas, sino que sus voces son importantes e influyen en la toma de decisiones.</p>
</div>



<div class="wp-block-column is-layout-flow wp-block-column-is-layout-flow">
<h2 class="wp-block-heading has-large-font-size"><strong>Enfoque de investigación: el diseño como práctica cultural</strong></h2>



<p>Esta investigación parte de una mirada al diseño que va más allá de crear productos o servicios. El diseño no es una actividad neutral ni aislada: está atravesado por discursos culturales, sociales y políticos. Al igual que otras formas de cultura material, el diseño aporta a la identidad nacional y a la construcción simbólica de la vida cotidiana, proyectando relaciones sociales (Ledesma, 2005: 33).El diseño responde a múltiples problemas y se convierte en objeto de distintos discursos: políticos, de género, raciales y de clase, entre otros. Algunas de las preguntas que guían esta investigación son:<br>—» ¿Qué productos, servicios, objetos, oficios o expresiones deben ser parte de la historia del diseño?<br>— ¿Quiénes los crearon o gestionaron?<br>— ¿Qué contextos, influencias, condiciones o intenciones marcaron su desarrollo?<br>— ¿Qué problemas buscaban atender y cómo se expresaron a través del diseño?» (Rodríguez López y Colón Rodríguez, 2022).<br>— ¿Hay forma de hacer en el diseño puertorriqueño que coincidan? <br>— ¿Cuál ha sido el rol del diseño en los cambios del país? <br> — ¿Quiénes han sido los actores detrás de las fuerzas de cambio?</p>



<p><strong> </strong></p>



<p></p>
</div>
</div>



<figure class="wp-block-image size-large"><img loading="lazy" decoding="async" width="1024" height="482" src="https://entorcha.org/entorcha/wp-content/uploads/2025/08/taller_02-1024x482.png" alt="" class="wp-image-115" srcset="https://entorcha.org/entorcha/wp-content/uploads/2025/08/taller_02-1024x482.png 1024w, https://entorcha.org/entorcha/wp-content/uploads/2025/08/taller_02-300x141.png 300w, https://entorcha.org/entorcha/wp-content/uploads/2025/08/taller_02-768x361.png 768w, https://entorcha.org/entorcha/wp-content/uploads/2025/08/taller_02-1536x723.png 1536w, https://entorcha.org/entorcha/wp-content/uploads/2025/08/taller_02-205x96.png 205w, https://entorcha.org/entorcha/wp-content/uploads/2025/08/taller_02-480x226.png 480w, https://entorcha.org/entorcha/wp-content/uploads/2025/08/taller_02-1200x565.png 1200w, https://entorcha.org/entorcha/wp-content/uploads/2025/08/taller_02.png 1851w" sizes="auto, (max-width: 1024px) 100vw, 1024px" /><figcaption class="wp-element-caption">Pantallazo del primer evento en línea de ENTORCHA.</figcaption></figure>



<p></p>

<p>Investigación basada en la práctica ENTORCHA utiliza un enfoque de investigación basada en la práctica, en donde la creación misma es el centro del proceso y también del resultado de la investigación. Este tipo de indagación es común en disciplinas creativas como el arte, el diseño y la música, donde el acto de crear no [&hellip;]</p>
