{"id":3102,"date":"2025-10-19T16:08:52","date_gmt":"2025-10-19T20:08:52","guid":{"rendered":"https:\/\/entorcha.org\/entorcha\/?page_id=3102"},"modified":"2025-10-19T16:46:25","modified_gmt":"2025-10-19T20:46:25","slug":"hallazgos","status":"publish","type":"page","link":"https:\/\/entorcha.org\/entorcha\/index.php\/hallazgos\/","title":{"rendered":"Hallazgos"},"content":{"rendered":"\n<h1 class=\"wp-block-heading has-large-font-size\"><strong>Qu\u00e9 nos dices de lo que ya nos han contado *<\/strong><\/h1>\n\n\n\n<p>*(datos del primer evento de 2022)<\/p>\n\n\n\n<div class=\"wp-block-columns has-small-font-size is-layout-flex wp-container-core-columns-is-layout-9d6595d7 wp-block-columns-is-layout-flex\">\n<div class=\"wp-block-column is-layout-flow wp-block-column-is-layout-flow\">\n<p class=\"has-text-align-left has-primary-color has-text-color has-small-font-size\">Las tres categor\u00edas con m\u00e1s aportaciones fueron dise\u00f1o gr\u00e1fico, dise\u00f1o industrial o de productos, y arquitectura. Las \u00e1reas con menos participaci\u00f3n fueron dise\u00f1o de videojuegos y teor\u00eda, con solo una entrada cada una. Hasta ahora, no se han registrado aportaciones en dise\u00f1o de empaques ni en dise\u00f1o de servicios. Esto podr\u00eda estar reflejando las ofertas acad\u00e9micas actuales en el campo del dise\u00f1o en Puerto Rico.<\/p>\n\n\n\n<p class=\"has-text-align-left has-primary-color has-text-color has-small-font-size\">El mayor volumen de conocimiento compartido est\u00e1 entre los a\u00f1os 1980 y 2019. Una posible raz\u00f3n para esta concentraci\u00f3n es que mucha de la informaci\u00f3n proviene directamente de la experiencia profesional de quienes participan en s\u00ed, m\u00e1s que de fuentes acad\u00e9micas o historiogr\u00e1ficas formales.<\/p>\n\n\n\n<p class=\"has-small-font-size\">El segundo periodo con m\u00e1s datos va de 1960 a 1979. Es una \u00e9poca clave, ya que marca la fundaci\u00f3n de la primera escuela de arquitectura, el surgimiento de revistas y exhibiciones de dise\u00f1o, y la reorganizaci\u00f3n de los gremios profesionales en un contexto de pol\u00edticas gubernamentales de desarrollo econ\u00f3mico.<\/p>\n\n\n\n<p class=\"has-small-font-size\">Luego le sigue el periodo previo al siglo XIX, que fue incluido siguiendo nuestro esquema temporal y entendiendo el dise\u00f1o desde una visi\u00f3n m\u00e1s amplia y situada, no limitada a lo occidental o acad\u00e9mico, sino inspirada en miradas que reconocen nuestras propias formas de crear y resolver.<\/p>\n\n\n\n<p class=\"has-small-font-size\">El periodo de 1600 a 1799 tuvo la menor cantidad de aportaciones, lo que puede estar reflejando los vac\u00edos que a\u00fan existen en la historiograf\u00eda del arte y la arquitectura en Puerto Rico.<\/p>\n\n\n\n<p class=\"has-primary-color has-text-color has-link-color has-small-font-size wp-elements-6120d57b6365b0530351435f9db8b372\" style=\"font-style:normal;font-weight:500\">Tambi\u00e9n ha sido dif\u00edcil recopilar entradas sobre dise\u00f1adores negres, y de la comunidad LGBTQ+, lo cual evidencia una invisibilizaci\u00f3n hist\u00f3rica que todav\u00eda persiste. Esta ausencia nos se\u00f1ala la urgencia de seguir buscando, reconociendo y documentando esas voces y aportaciones que han sido sistem\u00e1ticamente borradas o ignoradas.<\/p>\n<\/div>\n<\/div>\n\n\n\n<h5 class=\"wp-block-heading alignfull padding-bloque-rojo has-accent-background-color has-background\" id=\".padding-bloque-rojo-{---padding:-1.5rem;-}\" style=\"font-size:26px;font-style:normal;font-weight:400;letter-spacing:0px\"><br><br>Aun as\u00ed, ENTORCHA se posiciona como una forma distinta de organizar los datos, una que busca nutrir un conocimiento m\u00e1s situado y contextualizado para el pa\u00eds. Adem\u00e1s, esta pr\u00e1ctica no solo nos permite construir archivos: tambi\u00e9n se ha convertido en una experiencia pedag\u00f3gica alternativa, tanto para dise\u00f1adores como para quienes no vienen del dise\u00f1o formal. (Rodr\u00edguez L\u00f3pez y Col\u00f3n Rodr\u00edguez, 2022)<br><br><\/h5>\n\n\n\n<p><\/p>\n","protected":false},"excerpt":{"rendered":"<p>Qu\u00e9 nos dices de lo que ya nos han contado * *(datos del primer evento de 2022) Las tres categor\u00edas con m\u00e1s aportaciones fueron dise\u00f1o gr\u00e1fico, dise\u00f1o industrial o de productos, y arquitectura. Las \u00e1reas con menos participaci\u00f3n fueron dise\u00f1o de videojuegos y teor\u00eda, con solo una entrada cada una. Hasta ahora, no se han [&hellip;]<\/p>\n","protected":false},"author":1,"featured_media":4475,"parent":0,"menu_order":0,"comment_status":"closed","ping_status":"closed","template":"","meta":{"footnotes":""},"class_list":["post-3102","page","type-page","status-publish","has-post-thumbnail","hentry"],"_links":{"self":[{"href":"https:\/\/entorcha.org\/entorcha\/index.php\/wp-json\/wp\/v2\/pages\/3102","targetHints":{"allow":["GET"]}}],"collection":[{"href":"https:\/\/entorcha.org\/entorcha\/index.php\/wp-json\/wp\/v2\/pages"}],"about":[{"href":"https:\/\/entorcha.org\/entorcha\/index.php\/wp-json\/wp\/v2\/types\/page"}],"author":[{"embeddable":true,"href":"https:\/\/entorcha.org\/entorcha\/index.php\/wp-json\/wp\/v2\/users\/1"}],"replies":[{"embeddable":true,"href":"https:\/\/entorcha.org\/entorcha\/index.php\/wp-json\/wp\/v2\/comments?post=3102"}],"version-history":[{"count":6,"href":"https:\/\/entorcha.org\/entorcha\/index.php\/wp-json\/wp\/v2\/pages\/3102\/revisions"}],"predecessor-version":[{"id":4477,"href":"https:\/\/entorcha.org\/entorcha\/index.php\/wp-json\/wp\/v2\/pages\/3102\/revisions\/4477"}],"wp:featuredmedia":[{"embeddable":true,"href":"https:\/\/entorcha.org\/entorcha\/index.php\/wp-json\/wp\/v2\/media\/4475"}],"wp:attachment":[{"href":"https:\/\/entorcha.org\/entorcha\/index.php\/wp-json\/wp\/v2\/media?parent=3102"}],"curies":[{"name":"wp","href":"https:\/\/api.w.org\/{rel}","templated":true}]}}

<h1 class="wp-block-heading has-large-font-size"><strong>Qué nos dices de lo que ya nos han contado *</strong></h1>



<p>*(datos del primer evento de 2022)</p>



<div class="wp-block-columns has-small-font-size is-layout-flex wp-container-core-columns-is-layout-9d6595d7 wp-block-columns-is-layout-flex">
<div class="wp-block-column is-layout-flow wp-block-column-is-layout-flow">
<p class="has-text-align-left has-primary-color has-text-color has-small-font-size">Las tres categorías con más aportaciones fueron diseño gráfico, diseño industrial o de productos, y arquitectura. Las áreas con menos participación fueron diseño de videojuegos y teoría, con solo una entrada cada una. Hasta ahora, no se han registrado aportaciones en diseño de empaques ni en diseño de servicios. Esto podría estar reflejando las ofertas académicas actuales en el campo del diseño en Puerto Rico.</p>



<p class="has-text-align-left has-primary-color has-text-color has-small-font-size">El mayor volumen de conocimiento compartido está entre los años 1980 y 2019. Una posible razón para esta concentración es que mucha de la información proviene directamente de la experiencia profesional de quienes participan en sí, más que de fuentes académicas o historiográficas formales.</p>



<p class="has-small-font-size">El segundo periodo con más datos va de 1960 a 1979. Es una época clave, ya que marca la fundación de la primera escuela de arquitectura, el surgimiento de revistas y exhibiciones de diseño, y la reorganización de los gremios profesionales en un contexto de políticas gubernamentales de desarrollo económico.</p>



<p class="has-small-font-size">Luego le sigue el periodo previo al siglo XIX, que fue incluido siguiendo nuestro esquema temporal y entendiendo el diseño desde una visión más amplia y situada, no limitada a lo occidental o académico, sino inspirada en miradas que reconocen nuestras propias formas de crear y resolver.</p>



<p class="has-small-font-size">El periodo de 1600 a 1799 tuvo la menor cantidad de aportaciones, lo que puede estar reflejando los vacíos que aún existen en la historiografía del arte y la arquitectura en Puerto Rico.</p>



<p class="has-primary-color has-text-color has-link-color has-small-font-size wp-elements-6120d57b6365b0530351435f9db8b372" style="font-style:normal;font-weight:500">También ha sido difícil recopilar entradas sobre diseñadores negres, y de la comunidad LGBTQ+, lo cual evidencia una invisibilización histórica que todavía persiste. Esta ausencia nos señala la urgencia de seguir buscando, reconociendo y documentando esas voces y aportaciones que han sido sistemáticamente borradas o ignoradas.</p>
</div>
</div>



<h5 class="wp-block-heading alignfull padding-bloque-rojo has-accent-background-color has-background" id=".padding-bloque-rojo-{---padding:-1.5rem;-}" style="font-size:26px;font-style:normal;font-weight:400;letter-spacing:0px"><br><br>Aun así, ENTORCHA se posiciona como una forma distinta de organizar los datos, una que busca nutrir un conocimiento más situado y contextualizado para el país. Además, esta práctica no solo nos permite construir archivos: también se ha convertido en una experiencia pedagógica alternativa, tanto para diseñadores como para quienes no vienen del diseño formal. (Rodríguez López y Colón Rodríguez, 2022)<br><br></h5>



<p></p>

<p>Qué nos dices de lo que ya nos han contado * *(datos del primer evento de 2022) Las tres categorías con más aportaciones fueron diseño gráfico, diseño industrial o de productos, y arquitectura. Las áreas con menos participación fueron diseño de videojuegos y teoría, con solo una entrada cada una. Hasta ahora, no se han [&hellip;]</p>
