{"id":1748,"date":"2025-10-13T17:53:39","date_gmt":"2025-10-13T21:53:39","guid":{"rendered":"https:\/\/entorcha.org\/entorcha\/?page_id=1748"},"modified":"2025-10-22T09:16:49","modified_gmt":"2025-10-22T13:16:49","slug":"descubre-las-historias-del-diseno-de-puerto-rico","status":"publish","type":"page","link":"https:\/\/entorcha.org\/entorcha\/","title":{"rendered":"Descubre las historias del dise\u00f1o de Puerto Rico"},"content":{"rendered":"\n<div class=\"wp-block-columns alignwide is-layout-flex wp-container-core-columns-is-layout-9d6595d7 wp-block-columns-is-layout-flex\">\n<div class=\"wp-block-column is-layout-flow wp-block-column-is-layout-flow\">\n<h3 class=\"wp-block-heading\">ENTORCHA es un archivo digital sobre la historia del dise\u00f1o en Puerto Rico, creado con una metodolog\u00eda participativa y abierto a todas las personas que quieran colaborar.<\/h3>\n<\/div>\n\n\n\n<div class=\"wp-block-column is-layout-flow wp-block-column-is-layout-flow\">\n<p>Su prop\u00f3sito es documentar la historia del dise\u00f1o de Puerto Rico desde una mirada caribe\u00f1a: contar la historia desde aqu\u00ed, tal como la hemos vivido y dise\u00f1ado.<\/p>\n\n\n\n<p><strong>ENTORCHA<\/strong> significa cubrir un hilo con otro. As\u00ed tambi\u00e9n, este proyecto enlaza nuestras historias de dise\u00f1o, uniendo generaciones, voces y saberes del Caribe.<\/p>\n\n\n\n<p>La historia del dise\u00f1o puertorrique\u00f1o que queremos documentar en <strong>ENTORCHA<\/strong> comienza desde los ta\u00ednos hasta el presente, reconociendo que el dise\u00f1o en Puerto Rico no empez\u00f3 con una escuela formal, sino con las manos, el ingenio y la sabidur\u00eda colectiva. Desde la talla, el barro, el tejido y la gr\u00e1fica popular, hasta el dise\u00f1o digital, la serigraf\u00eda, los objetos cotidianos y las tecnolog\u00edas emergentes\u2014todo forma parte del hilo que seguimos entrelazando.<br><\/p>\n<\/div>\n<\/div>\n\n\n\n<div class=\"wp-block-group alignwide has-background\" style=\"background-color:#ffffff\"><div class=\"wp-block-group__inner-container is-layout-flow wp-block-group-is-layout-flow\">\n<div class=\"wp-block-group\"><div class=\"wp-block-group__inner-container is-layout-flow wp-block-group-is-layout-flow\">\n<h2 class=\"wp-block-heading has-text-align-center\">Te convocamos:<br><strong>S\u00famate a ENTORCHA<\/strong><\/h2>\n\n\n\n<p class=\"has-text-align-center\">Queremos que nos ayudes a levantar nuestra historia caribe\u00f1a del dise\u00f1o. No tienes que ser dise\u00f1ador(a), pero igual conoces a alguien, una t\u00eda, una abuela, el vecino o simplemente sabes. La historia del dise\u00f1o en Puerto Rico est\u00e1 en construcci\u00f3n. <strong>Queremos contarla desde nuestra perspectiva.<\/strong><\/p>\n\n\n\n<p class=\"has-text-align-center\">Si tienes una historia de dise\u00f1o que contar, si conoces a alguien que ha creado desde el hacer cotidiano, o si formas parte de la di\u00e1spora y quieres contribuir, este archivo tambi\u00e9n es tuyo.<\/p>\n\n\n\n<div class=\"wp-block-buttons alignwide has-custom-font-size has-small-font-size is-horizontal is-content-justification-center is-layout-flex wp-container-core-buttons-is-layout-2f0dc101 wp-block-buttons-is-layout-flex\">\n<div class=\"wp-block-button has-custom-width wp-block-button__width-75 aligncenter\"><a class=\"wp-block-button__link wp-element-button\" href=\"https:\/\/entorcha.org\/entorcha\/index.php\/archivo\">Accede al archivo <\/a><\/div>\n\n\n\n<div class=\"wp-block-button has-custom-width wp-block-button__width-75 is-style-outline is-style-outline--1\"><a class=\"wp-block-button__link wp-element-button\" href=\"https:\/\/entorcha.org\/entorcha\/index.php\/nomina-para-el-archivo\/\">env\u00eda nominaci\u00f3n<\/a><\/div>\n<\/div>\n<\/div><\/div>\n<\/div><\/div>\n\n\n\n<div style=\"height:100px\" aria-hidden=\"true\" class=\"wp-block-spacer\"><\/div>\n\n\n\n<div class=\"wp-block-cover alignfull\" style=\"margin-top:0;padding-top:6vw;padding-right:6vw;padding-bottom:6vw;padding-left:6vw\"><span aria-hidden=\"true\" class=\"wp-block-cover__background has-background-dim-100 has-background-dim\"><\/span><div class=\"wp-block-cover__inner-container is-layout-flow wp-block-cover-is-layout-flow\">\n<div class=\"wp-block-group is-content-justification-center is-layout-flex wp-container-core-group-is-layout-6546ee5a wp-block-group-is-layout-flex\">\n<div class=\"wp-block-group alignwide wp-container-content-ceb7f5b3 is-content-justification-left\"><div class=\"wp-block-group__inner-container is-layout-constrained wp-container-core-group-is-layout-9aeb1ad9 wp-block-group-is-layout-constrained\">\n<h2 class=\"wp-block-heading\">\u00bfQui\u00e9n puede ser parte del archivo ENTORCHA?<\/h2>\n\n\n\n<div style=\"height:24px\" aria-hidden=\"true\" class=\"wp-block-spacer\"><\/div>\n\n\n\n<p class=\"has-text-align-left has-contrast-color has-text-color\">Toda persona que practique el dise\u00f1o, o conozca a alguien que lo haya hecho o lo est\u00e9 haciendo, puede ser parte de <strong>ENTORCHA.<\/strong> Tambi\u00e9n estamos recibiendo historias de quienes forman parte de la di\u00e1spora.<\/p>\n\n\n\n<p class=\"has-text-align-left has-contrast-color has-text-color\"><br>De igual forma, incluimos lo que llamamos dise\u00f1o vernacular: personas que, aunque no hayan estudiado dise\u00f1o de manera oficial, crean, resuelven, y aportan con su pr\u00e1ctica a transformar espacios, ideas y experiencias. Eso tambi\u00e9n es dise\u00f1o.<\/p>\n<\/div><\/div>\n<\/div>\n<\/div><\/div>\n\n\n\n<figure class=\"wp-block-gallery alignfull has-nested-images columns-default is-cropped wp-block-gallery-2 is-layout-flex wp-block-gallery-is-layout-flex\">\n<figure class=\"wp-block-image size-large\"><img loading=\"lazy\" decoding=\"async\" width=\"768\" height=\"1024\" data-id=\"139\" src=\"https:\/\/entorcha.org\/entorcha\/wp-content\/uploads\/2025\/08\/WhatsApp-Image-2022-11-13-at-11.47.48-AM-768x1024.jpeg\" alt=\"\" class=\"wp-image-139\" srcset=\"https:\/\/entorcha.org\/entorcha\/wp-content\/uploads\/2025\/08\/WhatsApp-Image-2022-11-13-at-11.47.48-AM-768x1024.jpeg 768w, https:\/\/entorcha.org\/entorcha\/wp-content\/uploads\/2025\/08\/WhatsApp-Image-2022-11-13-at-11.47.48-AM-225x300.jpeg 225w, https:\/\/entorcha.org\/entorcha\/wp-content\/uploads\/2025\/08\/WhatsApp-Image-2022-11-13-at-11.47.48-AM-1152x1536.jpeg 1152w, https:\/\/entorcha.org\/entorcha\/wp-content\/uploads\/2025\/08\/WhatsApp-Image-2022-11-13-at-11.47.48-AM-205x273.jpeg 205w, https:\/\/entorcha.org\/entorcha\/wp-content\/uploads\/2025\/08\/WhatsApp-Image-2022-11-13-at-11.47.48-AM-480x640.jpeg 480w, https:\/\/entorcha.org\/entorcha\/wp-content\/uploads\/2025\/08\/WhatsApp-Image-2022-11-13-at-11.47.48-AM-1200x1600.jpeg 1200w, https:\/\/entorcha.org\/entorcha\/wp-content\/uploads\/2025\/08\/WhatsApp-Image-2022-11-13-at-11.47.48-AM.jpeg 1536w\" sizes=\"auto, (max-width: 768px) 100vw, 768px\" \/><figcaption class=\"wp-element-caption\">La dise\u00f1adora Mara Robledo aportando informaci\u00f3n al mural de datos.<\/figcaption><\/figure>\n\n\n\n<figure class=\"wp-block-image size-large\"><img loading=\"lazy\" decoding=\"async\" width=\"768\" height=\"1024\" data-id=\"123\" src=\"https:\/\/entorcha.org\/entorcha\/wp-content\/uploads\/2025\/08\/apertura_01-768x1024.jpg\" alt=\"\" class=\"wp-image-123\" srcset=\"https:\/\/entorcha.org\/entorcha\/wp-content\/uploads\/2025\/08\/apertura_01-768x1024.jpg 768w, https:\/\/entorcha.org\/entorcha\/wp-content\/uploads\/2025\/08\/apertura_01-225x300.jpg 225w, https:\/\/entorcha.org\/entorcha\/wp-content\/uploads\/2025\/08\/apertura_01-205x273.jpg 205w, https:\/\/entorcha.org\/entorcha\/wp-content\/uploads\/2025\/08\/apertura_01-480x640.jpg 480w, https:\/\/entorcha.org\/entorcha\/wp-content\/uploads\/2025\/08\/apertura_01.jpg 1080w\" sizes=\"auto, (max-width: 768px) 100vw, 768px\" \/><figcaption class=\"wp-element-caption\">Post-Its de historias durante el segundo evento de ENTORCHA en <em>Reuni\u00f3n<\/em>.<\/figcaption><\/figure>\n\n\n\n<figure class=\"wp-block-image size-large\"><img loading=\"lazy\" decoding=\"async\" width=\"1024\" height=\"630\" data-id=\"122\" src=\"https:\/\/entorcha.org\/entorcha\/wp-content\/uploads\/2025\/08\/316307595_10159007982181347_4774794749469172990_n-1024x630.jpg\" alt=\"\" class=\"wp-image-122\" srcset=\"https:\/\/entorcha.org\/entorcha\/wp-content\/uploads\/2025\/08\/316307595_10159007982181347_4774794749469172990_n-1024x630.jpg 1024w, https:\/\/entorcha.org\/entorcha\/wp-content\/uploads\/2025\/08\/316307595_10159007982181347_4774794749469172990_n-300x185.jpg 300w, https:\/\/entorcha.org\/entorcha\/wp-content\/uploads\/2025\/08\/316307595_10159007982181347_4774794749469172990_n-768x473.jpg 768w, https:\/\/entorcha.org\/entorcha\/wp-content\/uploads\/2025\/08\/316307595_10159007982181347_4774794749469172990_n-205x126.jpg 205w, https:\/\/entorcha.org\/entorcha\/wp-content\/uploads\/2025\/08\/316307595_10159007982181347_4774794749469172990_n-480x295.jpg 480w, https:\/\/entorcha.org\/entorcha\/wp-content\/uploads\/2025\/08\/316307595_10159007982181347_4774794749469172990_n-1200x738.jpg 1200w, https:\/\/entorcha.org\/entorcha\/wp-content\/uploads\/2025\/08\/316307595_10159007982181347_4774794749469172990_n.jpg 1536w\" sizes=\"auto, (max-width: 1024px) 100vw, 1024px\" \/><figcaption class=\"wp-element-caption\">Aime\u00e9 Siber\u00f3n compartiendo con el educador y bloguero James Lynn.<\/figcaption><\/figure>\n<\/figure>\n\n\n\n<div class=\"wp-block-columns alignfull has-secondary-background-color has-background is-layout-flex wp-container-core-columns-is-layout-9d6595d7 wp-block-columns-is-layout-flex\">\n<div class=\"wp-block-column is-layout-flow wp-block-column-is-layout-flow\" style=\"flex-basis:10px\"><\/div>\n\n\n\n<div class=\"wp-block-column is-layout-flow wp-block-column-is-layout-flow\"><div class=\"wp-block-image is-style-default\">\n<figure class=\"alignright size-full\"><img loading=\"lazy\" decoding=\"async\" width=\"1600\" height=\"1200\" src=\"https:\/\/entorcha.org\/entorcha\/wp-content\/uploads\/2025\/10\/WhatsApp-Image-2022-11-19-at-5.56.08-PM.jpeg\" alt=\"\" class=\"wp-image-1192\" srcset=\"https:\/\/entorcha.org\/entorcha\/wp-content\/uploads\/2025\/10\/WhatsApp-Image-2022-11-19-at-5.56.08-PM.jpeg 1600w, https:\/\/entorcha.org\/entorcha\/wp-content\/uploads\/2025\/10\/WhatsApp-Image-2022-11-19-at-5.56.08-PM-300x225.jpeg 300w, https:\/\/entorcha.org\/entorcha\/wp-content\/uploads\/2025\/10\/WhatsApp-Image-2022-11-19-at-5.56.08-PM-1024x768.jpeg 1024w, https:\/\/entorcha.org\/entorcha\/wp-content\/uploads\/2025\/10\/WhatsApp-Image-2022-11-19-at-5.56.08-PM-768x576.jpeg 768w, https:\/\/entorcha.org\/entorcha\/wp-content\/uploads\/2025\/10\/WhatsApp-Image-2022-11-19-at-5.56.08-PM-1536x1152.jpeg 1536w, https:\/\/entorcha.org\/entorcha\/wp-content\/uploads\/2025\/10\/WhatsApp-Image-2022-11-19-at-5.56.08-PM-205x154.jpeg 205w, https:\/\/entorcha.org\/entorcha\/wp-content\/uploads\/2025\/10\/WhatsApp-Image-2022-11-19-at-5.56.08-PM-480x360.jpeg 480w, https:\/\/entorcha.org\/entorcha\/wp-content\/uploads\/2025\/10\/WhatsApp-Image-2022-11-19-at-5.56.08-PM-1200x900.jpeg 1200w\" sizes=\"auto, (max-width: 1600px) 100vw, 1600px\" \/><\/figure>\n<\/div><\/div>\n\n\n\n<div class=\"wp-block-column is-layout-flow wp-block-column-is-layout-flow\">\n<p><\/p>\n\n\n\n<h2 class=\"wp-block-heading has-large-font-size\">La Equipa<\/h2>\n\n\n\n<p>Conoce las caras detr\u00e1s de este proyecto.<\/p>\n\n\n\n<div class=\"wp-block-buttons is-layout-flex wp-block-buttons-is-layout-flex\">\n<div class=\"wp-block-button\"><a class=\"wp-block-button__link wp-element-button\" href=\"https:\/\/entorcha.org\/entorcha\/index.php\/equipo-entorcha\/\">Conoce m\u00e1s<\/a><\/div>\n<\/div>\n\n\n\n<hr class=\"wp-block-separator alignfull has-alpha-channel-opacity is-style-dots\"\/>\n<\/div>\n\n\n\n<div class=\"wp-block-column is-layout-flow wp-block-column-is-layout-flow\" style=\"flex-basis:10px\"><\/div>\n<\/div>\n\n\n\n<p><\/p>\n","protected":false},"excerpt":{"rendered":"<p>ENTORCHA es un archivo digital sobre la historia del dise\u00f1o en Puerto Rico, creado con una metodolog\u00eda participativa y abierto a todas las personas que quieran colaborar. Su prop\u00f3sito es documentar la historia del dise\u00f1o de Puerto Rico desde una mirada caribe\u00f1a: contar la historia desde aqu\u00ed, tal como la hemos vivido y dise\u00f1ado. ENTORCHA [&hellip;]<\/p>\n","protected":false},"author":1,"featured_media":44,"parent":0,"menu_order":1,"comment_status":"closed","ping_status":"closed","template":"","meta":{"footnotes":""},"class_list":["post-1748","page","type-page","status-publish","has-post-thumbnail","hentry"],"_links":{"self":[{"href":"https:\/\/entorcha.org\/entorcha\/index.php\/wp-json\/wp\/v2\/pages\/1748","targetHints":{"allow":["GET"]}}],"collection":[{"href":"https:\/\/entorcha.org\/entorcha\/index.php\/wp-json\/wp\/v2\/pages"}],"about":[{"href":"https:\/\/entorcha.org\/entorcha\/index.php\/wp-json\/wp\/v2\/types\/page"}],"author":[{"embeddable":true,"href":"https:\/\/entorcha.org\/entorcha\/index.php\/wp-json\/wp\/v2\/users\/1"}],"replies":[{"embeddable":true,"href":"https:\/\/entorcha.org\/entorcha\/index.php\/wp-json\/wp\/v2\/comments?post=1748"}],"version-history":[{"count":14,"href":"https:\/\/entorcha.org\/entorcha\/index.php\/wp-json\/wp\/v2\/pages\/1748\/revisions"}],"predecessor-version":[{"id":11174,"href":"https:\/\/entorcha.org\/entorcha\/index.php\/wp-json\/wp\/v2\/pages\/1748\/revisions\/11174"}],"wp:featuredmedia":[{"embeddable":true,"href":"https:\/\/entorcha.org\/entorcha\/index.php\/wp-json\/wp\/v2\/media\/44"}],"wp:attachment":[{"href":"https:\/\/entorcha.org\/entorcha\/index.php\/wp-json\/wp\/v2\/media?parent=1748"}],"curies":[{"name":"wp","href":"https:\/\/api.w.org\/{rel}","templated":true}]}}

Descubre las historias del diseño de Puerto Rico

<div class="wp-block-columns alignwide is-layout-flex wp-container-core-columns-is-layout-9d6595d7 wp-block-columns-is-layout-flex">
<div class="wp-block-column is-layout-flow wp-block-column-is-layout-flow">
<h3 class="wp-block-heading">ENTORCHA es un archivo digital sobre la historia del diseño en Puerto Rico, creado con una metodología participativa y abierto a todas las personas que quieran colaborar.</h3>
</div>



<div class="wp-block-column is-layout-flow wp-block-column-is-layout-flow">
<p>Su propósito es documentar la historia del diseño de Puerto Rico desde una mirada caribeña: contar la historia desde aquí, tal como la hemos vivido y diseñado.</p>



<p><strong>ENTORCHA</strong> significa cubrir un hilo con otro. Así también, este proyecto enlaza nuestras historias de diseño, uniendo generaciones, voces y saberes del Caribe.</p>



<p>La historia del diseño puertorriqueño que queremos documentar en <strong>ENTORCHA</strong> comienza desde los taínos hasta el presente, reconociendo que el diseño en Puerto Rico no empezó con una escuela formal, sino con las manos, el ingenio y la sabiduría colectiva. Desde la talla, el barro, el tejido y la gráfica popular, hasta el diseño digital, la serigrafía, los objetos cotidianos y las tecnologías emergentes—todo forma parte del hilo que seguimos entrelazando.<br></p>
</div>
</div>



<div class="wp-block-group alignwide has-background" style="background-color:#ffffff"><div class="wp-block-group__inner-container is-layout-flow wp-block-group-is-layout-flow">
<div class="wp-block-group"><div class="wp-block-group__inner-container is-layout-flow wp-block-group-is-layout-flow">
<h2 class="wp-block-heading has-text-align-center">Te convocamos:<br><strong>Súmate a ENTORCHA</strong></h2>



<p class="has-text-align-center">Queremos que nos ayudes a levantar nuestra historia caribeña del diseño. No tienes que ser diseñador(a), pero igual conoces a alguien, una tía, una abuela, el vecino o simplemente sabes. La historia del diseño en Puerto Rico está en construcción. <strong>Queremos contarla desde nuestra perspectiva.</strong></p>



<p class="has-text-align-center">Si tienes una historia de diseño que contar, si conoces a alguien que ha creado desde el hacer cotidiano, o si formas parte de la diáspora y quieres contribuir, este archivo también es tuyo.</p>



<div class="wp-block-buttons alignwide has-custom-font-size has-small-font-size is-horizontal is-content-justification-center is-layout-flex wp-container-core-buttons-is-layout-2f0dc101 wp-block-buttons-is-layout-flex">
<div class="wp-block-button has-custom-width wp-block-button__width-75 aligncenter"><a class="wp-block-button__link wp-element-button" href="https://entorcha.org/entorcha/index.php/archivo">Accede al archivo </a></div>



<div class="wp-block-button has-custom-width wp-block-button__width-75 is-style-outline is-style-outline--1"><a class="wp-block-button__link wp-element-button" href="https://entorcha.org/entorcha/index.php/nomina-para-el-archivo/">envía nominación</a></div>
</div>
</div></div>
</div></div>



<div style="height:100px" aria-hidden="true" class="wp-block-spacer"></div>



<div class="wp-block-cover alignfull" style="margin-top:0;padding-top:6vw;padding-right:6vw;padding-bottom:6vw;padding-left:6vw"><span aria-hidden="true" class="wp-block-cover__background has-background-dim-100 has-background-dim"></span><div class="wp-block-cover__inner-container is-layout-flow wp-block-cover-is-layout-flow">
<div class="wp-block-group is-content-justification-center is-layout-flex wp-container-core-group-is-layout-6546ee5a wp-block-group-is-layout-flex">
<div class="wp-block-group alignwide wp-container-content-ceb7f5b3 is-content-justification-left"><div class="wp-block-group__inner-container is-layout-constrained wp-container-core-group-is-layout-9aeb1ad9 wp-block-group-is-layout-constrained">
<h2 class="wp-block-heading">¿Quién puede ser parte del archivo ENTORCHA?</h2>



<div style="height:24px" aria-hidden="true" class="wp-block-spacer"></div>



<p class="has-text-align-left has-contrast-color has-text-color">Toda persona que practique el diseño, o conozca a alguien que lo haya hecho o lo esté haciendo, puede ser parte de <strong>ENTORCHA.</strong> También estamos recibiendo historias de quienes forman parte de la diáspora.</p>



<p class="has-text-align-left has-contrast-color has-text-color"><br>De igual forma, incluimos lo que llamamos diseño vernacular: personas que, aunque no hayan estudiado diseño de manera oficial, crean, resuelven, y aportan con su práctica a transformar espacios, ideas y experiencias. Eso también es diseño.</p>
</div></div>
</div>
</div></div>



<figure class="wp-block-gallery alignfull has-nested-images columns-default is-cropped wp-block-gallery-2 is-layout-flex wp-block-gallery-is-layout-flex">
<figure class="wp-block-image size-large"><img loading="lazy" decoding="async" width="768" height="1024" data-id="139" src="https://entorcha.org/entorcha/wp-content/uploads/2025/08/WhatsApp-Image-2022-11-13-at-11.47.48-AM-768x1024.jpeg" alt="" class="wp-image-139" srcset="https://entorcha.org/entorcha/wp-content/uploads/2025/08/WhatsApp-Image-2022-11-13-at-11.47.48-AM-768x1024.jpeg 768w, https://entorcha.org/entorcha/wp-content/uploads/2025/08/WhatsApp-Image-2022-11-13-at-11.47.48-AM-225x300.jpeg 225w, https://entorcha.org/entorcha/wp-content/uploads/2025/08/WhatsApp-Image-2022-11-13-at-11.47.48-AM-1152x1536.jpeg 1152w, https://entorcha.org/entorcha/wp-content/uploads/2025/08/WhatsApp-Image-2022-11-13-at-11.47.48-AM-205x273.jpeg 205w, https://entorcha.org/entorcha/wp-content/uploads/2025/08/WhatsApp-Image-2022-11-13-at-11.47.48-AM-480x640.jpeg 480w, https://entorcha.org/entorcha/wp-content/uploads/2025/08/WhatsApp-Image-2022-11-13-at-11.47.48-AM-1200x1600.jpeg 1200w, https://entorcha.org/entorcha/wp-content/uploads/2025/08/WhatsApp-Image-2022-11-13-at-11.47.48-AM.jpeg 1536w" sizes="auto, (max-width: 768px) 100vw, 768px" /><figcaption class="wp-element-caption">La diseñadora Mara Robledo aportando información al mural de datos.</figcaption></figure>



<figure class="wp-block-image size-large"><img loading="lazy" decoding="async" width="768" height="1024" data-id="123" src="https://entorcha.org/entorcha/wp-content/uploads/2025/08/apertura_01-768x1024.jpg" alt="" class="wp-image-123" srcset="https://entorcha.org/entorcha/wp-content/uploads/2025/08/apertura_01-768x1024.jpg 768w, https://entorcha.org/entorcha/wp-content/uploads/2025/08/apertura_01-225x300.jpg 225w, https://entorcha.org/entorcha/wp-content/uploads/2025/08/apertura_01-205x273.jpg 205w, https://entorcha.org/entorcha/wp-content/uploads/2025/08/apertura_01-480x640.jpg 480w, https://entorcha.org/entorcha/wp-content/uploads/2025/08/apertura_01.jpg 1080w" sizes="auto, (max-width: 768px) 100vw, 768px" /><figcaption class="wp-element-caption">Post-Its de historias durante el segundo evento de ENTORCHA en <em>Reunión</em>.</figcaption></figure>



<figure class="wp-block-image size-large"><img loading="lazy" decoding="async" width="1024" height="630" data-id="122" src="https://entorcha.org/entorcha/wp-content/uploads/2025/08/316307595_10159007982181347_4774794749469172990_n-1024x630.jpg" alt="" class="wp-image-122" srcset="https://entorcha.org/entorcha/wp-content/uploads/2025/08/316307595_10159007982181347_4774794749469172990_n-1024x630.jpg 1024w, https://entorcha.org/entorcha/wp-content/uploads/2025/08/316307595_10159007982181347_4774794749469172990_n-300x185.jpg 300w, https://entorcha.org/entorcha/wp-content/uploads/2025/08/316307595_10159007982181347_4774794749469172990_n-768x473.jpg 768w, https://entorcha.org/entorcha/wp-content/uploads/2025/08/316307595_10159007982181347_4774794749469172990_n-205x126.jpg 205w, https://entorcha.org/entorcha/wp-content/uploads/2025/08/316307595_10159007982181347_4774794749469172990_n-480x295.jpg 480w, https://entorcha.org/entorcha/wp-content/uploads/2025/08/316307595_10159007982181347_4774794749469172990_n-1200x738.jpg 1200w, https://entorcha.org/entorcha/wp-content/uploads/2025/08/316307595_10159007982181347_4774794749469172990_n.jpg 1536w" sizes="auto, (max-width: 1024px) 100vw, 1024px" /><figcaption class="wp-element-caption">Aimeé Siberón compartiendo con el educador y bloguero James Lynn.</figcaption></figure>
</figure>



<div class="wp-block-columns alignfull has-secondary-background-color has-background is-layout-flex wp-container-core-columns-is-layout-9d6595d7 wp-block-columns-is-layout-flex">
<div class="wp-block-column is-layout-flow wp-block-column-is-layout-flow" style="flex-basis:10px"></div>



<div class="wp-block-column is-layout-flow wp-block-column-is-layout-flow"><div class="wp-block-image is-style-default">
<figure class="alignright size-full"><img loading="lazy" decoding="async" width="1600" height="1200" src="https://entorcha.org/entorcha/wp-content/uploads/2025/10/WhatsApp-Image-2022-11-19-at-5.56.08-PM.jpeg" alt="" class="wp-image-1192" srcset="https://entorcha.org/entorcha/wp-content/uploads/2025/10/WhatsApp-Image-2022-11-19-at-5.56.08-PM.jpeg 1600w, https://entorcha.org/entorcha/wp-content/uploads/2025/10/WhatsApp-Image-2022-11-19-at-5.56.08-PM-300x225.jpeg 300w, https://entorcha.org/entorcha/wp-content/uploads/2025/10/WhatsApp-Image-2022-11-19-at-5.56.08-PM-1024x768.jpeg 1024w, https://entorcha.org/entorcha/wp-content/uploads/2025/10/WhatsApp-Image-2022-11-19-at-5.56.08-PM-768x576.jpeg 768w, https://entorcha.org/entorcha/wp-content/uploads/2025/10/WhatsApp-Image-2022-11-19-at-5.56.08-PM-1536x1152.jpeg 1536w, https://entorcha.org/entorcha/wp-content/uploads/2025/10/WhatsApp-Image-2022-11-19-at-5.56.08-PM-205x154.jpeg 205w, https://entorcha.org/entorcha/wp-content/uploads/2025/10/WhatsApp-Image-2022-11-19-at-5.56.08-PM-480x360.jpeg 480w, https://entorcha.org/entorcha/wp-content/uploads/2025/10/WhatsApp-Image-2022-11-19-at-5.56.08-PM-1200x900.jpeg 1200w" sizes="auto, (max-width: 1600px) 100vw, 1600px" /></figure>
</div></div>



<div class="wp-block-column is-layout-flow wp-block-column-is-layout-flow">
<p></p>



<h2 class="wp-block-heading has-large-font-size">La Equipa</h2>



<p>Conoce las caras detrás de este proyecto.</p>



<div class="wp-block-buttons is-layout-flex wp-block-buttons-is-layout-flex">
<div class="wp-block-button"><a class="wp-block-button__link wp-element-button" href="https://entorcha.org/entorcha/index.php/equipo-entorcha/">Conoce más</a></div>
</div>



<hr class="wp-block-separator alignfull has-alpha-channel-opacity is-style-dots"/>
</div>



<div class="wp-block-column is-layout-flow wp-block-column-is-layout-flow" style="flex-basis:10px"></div>
</div>



<p></p>

<p>ENTORCHA es un archivo digital sobre la historia del diseño en Puerto Rico, creado con una metodología participativa y abierto a todas las personas que quieran colaborar. Su propósito es documentar la historia del diseño de Puerto Rico desde una mirada caribeña: contar la historia desde aquí, tal como la hemos vivido y diseñado. ENTORCHA [&hellip;]</p>
